 is divided by 2?
0
Suppose -306 = -3*v - 258. Suppose 6*l = 139 + 17. What is the remainder when l is divided by v?
10
Let d be -6 + 2 - -10 - 38. Let i = d - -45. What is the remainder when 270 is divided by i?
10
Let j(k) = 45*k - 1044. What is the remainder when 395 is divided by j(25)?
71
Let v = -5911 + 5925. Calculate the remainder when 1566 is divided by v.
12
Let o = 33387 + -32795. Calculate the remainder when 1190 is divided by o.
6
What is the remainder when 1541 is divided by (-15 + 1)/((-55264)/(-1728) - 32)?
29
Let l be (-2 - -3)/(24/48). Suppose 5*d - 506 = 3*h, -19*d = -15*d - l*h - 404. What is the remainder when d is divided by 34?
32
Suppose 50*c - 1508 - 51 = 141. Calculate the remainder when 169 is divided by c.
33
Suppose 183*w + 448*w - 133772 = 0. Suppose -2*a + 13 = -135. Calculate the remainder when w is divided by a.
64
Let g be (-480)/(-56)*(12/8 + 2). What is the remainder when 222 is divided by (308/55)/(3/g)?
54
Suppose 2471 = 5*y - v, -205*v = -5*y - 199*v + 2476. Calculate the remainder when 1501 is divided by y.
19
Let r = 77 + -36. Suppose -3*q + 4*m + 18 = 11, -4*q = m - 22. Suppose -9 = q*h - 64. What is the remainder when r is divided by h?
8
Let v = 1329 - 1191. Suppose 4*w - 74 = 38. Calculate the remainder when v is divided by w.
26
Let z = -52 + 52. Suppose z = 4*q - 3*s - 35, -2*q - 2*q - 2*s = -30. Calculate the remainder when q + 4 + 0 + 0 is divided by 6.
0
Let f(r) = 11*r**2 - 22 + 6*r**2 - 19*r**2 + 5*r**2 + 9*r. Suppose 275 = 4*i - i - 5*q, 5*i - 481 = -3*q. Calculate the remainder when i is divided by f(3).
31
Suppose -3*k + 1522 = -s, 55*k - 2029 = 51*k + s. Calculate the remainder when k is divided by 82.
15
Let k(i) = i**2 + 12*i - 29. Let t(p) = -p. Let w(d) = k(d) - 2*t(d). What is the remainder when 14 is divided by w(2)?
2
Let o(y) = -4*y**2 - 66*y - 175. What is the remainder when 299 is divided by o(-13)?
5
Let w = -3235 + 4001. What is the remainder when w is divided by 55?
51
Suppose 4*s + 4*o - 168 = 0, -2*s + 35 = -5*o - 28. Calculate the remainder when s is divided by -4*((-3)/(-2))/(-1).
3
Suppose -5*z - 2 = -v + 36, -4*v = z - 110. Suppose v - 4 = f. Let t = 29 - f. What is the remainder when 23 is divided by t?
3
Let x = 24 - 20. Suppose x*o - 78 - 122 = 0. Suppose 10*u = 5*u + o. What is the remainder when u is divided by 7?
3
Let n = -36 - -48. What is the remainder when -1*(-26 - -9 - 170) is divided by n?
7
Suppose -56*c + 2*f = -52*c - 40, 5*f = -5*c + 20. Calculate the remainder when (-282)/(-4) - (-9)/(-6) is divided by c.
5
Suppose -q + 5 = 0, 3*n - 4057 = 100*q - 99*q. What is the remainder when n is divided by 4?
2
Let c(p) = 96*p + 214. Calculate the remainder when 7697 is divided by c(-2).
19
Let s = -5789 + 5801. Calculate the remainder when 380 is divided by s.
8
Calculate the remainder when 273 is divided by (-30)/4*1/((-12)/104).
13
Let l(a) = 3*a**3 - 45*a**2 - 50*a + 185. What is the remainder when l(16) is divided by 77?
76
Suppose 67 + 329 = 36*c. Calculate the remainder when 567 is divided by c.
6
Let r be 2 - 3/((-45)/355)*-3. Let u = 173 + r. Calculate the remainder when u is divided by 21.
20
Let n = -6341 + 6981. What is the remainder when n is divided by 71?
1
Suppose 385 = 2*p + 3*p + 4*u, 4*u + 344 = 4*p. Suppose -p*g + 76*g = 900. What is the remainder when (-17616)/g - 4/(-30) is divided by 25?
23
What is the remainder when (-41)/(-3) - (-55)/165 is divided by 3?
2
Suppose -l - 3*l = -5*w + 60, 3*l = 3*w - 39. Suppose 0 = 2*v - 0*v - w, -4*k + 2*v = -204. Let n = -8 + 26. Calculate the remainder when k is divided by n.
17
Let d(m) be the second derivative of 14*m**3/3 + m**2 - 7*m. Let y be d(4). Suppose -y*q - 100 = -115*q. What is the remainder when q is divided by 34?
32
Suppose 5*l - m - 24649 = 0, 0 = -14*l + 13*l + 3*m + 4927. Calculate the remainder when l is divided by 18.
16
Let d(r) = -3*r**2 - 129*r - 85. Let x be d(-41). Suppose 47*n - x = 40*n. What is the remainder when 272 is divided by n?
19
Let w be ((-1084)/(-5))/(18/45). Suppose 2*h - 284 = -0*h - 4*m, -4*h = -5*m - w. Calculate the remainder when 13 is divided by 21/15 + -1 - h/(-30).
3
Suppose -10*z - 3*z = -26. Suppose 95 = 4*w - f, z*f + f + 45 = 2*w. Let v(c) = c**2 + 4*c - 5. What is the remainder when v(8) is divided by w?
19
Calculate the remainder when 5073 is divided by (0 - 3)*((-17)/12)/(1/4).
7
Let a be (-1 - 0) + 2 + 48. Suppose 81 = -57*l + 66*l. Suppose -l*m + a = -2*m. What is the remainder when 19 is divided by m?
5
Suppose 5*f = n - 0 + 34, 0 = -2*f - n + 8. Let y be -1*(-3)/(f/(-14)). Let d = y - -15. What is the remainder when 47 is divided by d?
7
Calculate the remainder when (24165/(-10))/9*-2 is divided by 24.
9
Suppose 0 = -201*p + 249*p - 137280. What is the remainder when p is divided by 54?
52
Calculate the remainder when 786 is divided by (-11 - 160/(-20)) + 136.
121
Let d be -1 + 5 - (0 + 2). Suppose -n + 19 = d*b - 259, 0 = n + 2. Suppose -4*k - 3*x = -2*k - 43, 5*k + x = b. Calculate the remainder when k is divided by 4.
1
What is the remainder when (23 + (-162)/(-30))/((-447)/225 - -2) is divided by 35?
30
Let y = 349 + -315. Let w(i) = -i + 12. Let c(t) = -t + 6. Let k be c(2). Calculate the remainder when y is divided by w(k).
2
Let k be 9 - -1*(-8)/2. Suppose 0 = -k*c - 5*c + 190. What is the remainder when 43 is divided by c?
5
Suppose -50*h = 10*h + 91*h - 961719. What is the remainder when h is divided by 182?
181
Let h(d) = -d**2 - 55*d - 721. What is the remainder when 1448 is divided by h(-29)?
29
Let h = -28 - -32. Suppose h*z - 2*o - 78 = 20, 4*o + 42 = z. Suppose -13*j + 25 = -2809. Calculate the remainder when j is divided by z.
20
Suppose -v - 6 = -3*y, 7*y - 2*y = 3*v + 6. Suppose -5*h + 418 = z + 24, v*h - 240 = 3*z. What is the remainder when h is divided by 9?
7
Suppose 20*m = 28*m - 224. Suppose -m = 2*r - 38. Suppose -30 = -5*p - 5*x + 25, 2*p = 2*x + 14. What is the remainder when p is divided by r?
4
Suppose 2*s - 14*w + 12*w = 440, -3*s - 2*w + 645 = 0. Let h = s - 169. What is the remainder when 142 is divided by h?
46
Let a = -36 - -41. Suppose a*s - 4*s - 13 = 0. Suppose s*i - 15*i = -54. What is the remainder when 186 is divided by i?
24
What is the remainder when -15*(-10 - 1640/24) is divided by 42?
41
Let n = 4165 + -3713. What is the remainder when n is divided by 8?
4
Let z = -221 + 255. What is the remainder when 70/105 + 298/3 is divided by z?
32
Let p(v) be the second derivative of v**3/6 + 25*v**2/2 - v - 46. What is the remainder when 232 is divided by p(14)?
37
Let f = -5 - 7. What is the remainder when ((-225)/(-135))/(15/1269) + 28/4 is divided by 8/(-6)*450/f?
48
Suppose f = -5*m + m + 121, 0 = -m - 3*f + 22. Calculate the remainder when 205 is divided by m.
19
Let g = -89 - -93. Suppose -g*z = -156 - 344. Calculate the remainder when z is divided by 904/28 - (-2)/(-7).
29
Let z be (-3)/15 - (-154)/(-5). Let i(q) = -q**3 + 7*q**2 + 15*q + 42. Let g be i(-4). Let r = g + z. Calculate the remainder when r is divided by 26.
23
Let t = 11683 - 9973. What is the remainder when t is divided by 286?
280
Let l(a) = 1207*a - 3506. What is the remainder when 413 is divided by l(3)?
68
Suppose 5*o - 45 + 16 = -2*j, -4*j + 8 = 0. Suppose 0 = k - 2*k - o*k. Calculate the remainder when 52 - k/(0 + 3) is divided by 19.
14
Let a be -159*-5*(-5)/75. Let h = -46 - -9. Let l = h - a. Calculate the remainder when 79 is divided by l.
15
Suppose -4*z - a + 10318 = 0, -5*z + 19030 - 6233 = 18*a. Calculate the remainder when z is divided by 68.
65
Suppose 266*f - 112800 = -16*f. Calculate the remainder when f is divided by 180.
40
Suppose 0 = -10*x + 1652 + 691 + 1417. Calculate the remainder when x is divided by 198.
178
Suppose -2*t + 4*o + 110 = 0, 0 = t - 6*t + o + 248. Suppose t = 5*z - 2*r, -4*z + 15*r - 13*r = -38. What is the remainder when 21 is divided by z?
10
Let m = 3 + 27. Suppose -3*x = -x + 3*g - 3, -2*g = 3*x + 8. What is the remainder when m is divided by 2/7 + (132/28 - x)?
8
Let q(t) = -360*t + 7230. Suppose -2*a + 1036 = -158. Calculate the remainder when a is divided by q(20).
27
Let b(d) = -24*d**2 - 3072*d + 47. What is the remainder when 1972 is divided by b(-128)?
45
Suppose -7*g + 256 = -73. Suppo